alculate the greatest common divisor of 3920 and 80.
80
Calculate the highest common factor of 36 and 27.
9
Calculate the greatest common divisor of 455 and 840.
35
Calculate the highest common divisor of 38 and 4.
2
What is the greatest common factor of 46 and 874?
46
Calculate the greatest common factor of 10 and 1970.
10
Calculate the highest common factor of 1071 and 28.
7
What is the greatest common divisor of 657 and 9?
9
Calculate the highest common factor of 228 and 836.
76
What is the highest common divisor of 7656 and 1056?
264
Calculate the greatest common divisor of 702 and 108.
54
Calculate the highest common factor of 4379 and 302.
151
Calculate the highest common factor of 4779 and 59.
59
What is the greatest common divisor of 27 and 432?
27
What is the highest common divisor of 682 and 558?
62
What is the highest common factor of 27 and 9?
9
What is the highest common factor of 4270 and 61?
61
What is the greatest common factor of 39 and 273?
39
What is the highest common factor of 154 and 77?
77
Calculate the greatest common factor of 88 and 2420.
44
What is the greatest common factor of 9952 and 32?
32
Calculate the greatest common divisor of 9383 and 11.
11
Calculate the highest common factor of 4 and 82.
2
What is the highest common divisor of 136 and 16?
8
What is the highest common factor of 77 and 627?
11
What is the highest common divisor of 72 and 204?
12
Calculate the highest common divisor of 35 and 28.
7
Calculate the greatest common divisor of 574 and 21.
7
Calculate the highest common factor of 42 and 13552.
14
Calculate the greatest common factor of 2008 and 64.
8
Calculate the highest common divisor of 6 and 198.
6
What is the highest common divisor of 525 and 225?
75
Calculate the greatest common divisor of 17 and 221.
17
Calculate the highest common divisor of 342 and 18.
18
Calculate the highest common divisor of 10208 and 64.
32
What is the highest common divisor of 416 and 312?
104
What is the highest common factor of 2376 and 968?
88
Calculate the greatest common divisor of 59 and 21.
1
What is the greatest common factor of 14 and 378?
14
What is the highest common factor of 69996 and 228?
228
Calculate the highest common factor of 25 and 175.
25
What is the greatest common factor of 1309 and 385?
77
What is the highest common divisor of 2430 and 30?
30
What is the highest common divisor of 86 and 2021?
43
Calculate the greatest common divisor of 114 and 24.
6
Calculate the greatest common divisor of 632 and 237.
79
What is the highest common factor of 1488 and 12?
12
Calculate the highest common divisor of 33 and 6171.
33
Calculate the highest common factor of 14 and 3122.
14
What is the greatest common factor of 231 and 847?
77
What is the highest common divisor of 715 and 11?
11
Calculate the highest common factor of 63 and 9.
9
Calculate the highest common divisor of 136 and 304.
8
What is the highest common divisor of 69 and 483?
69
What is the highest common factor of 24 and 114?
6
Calculate the highest common factor of 266 and 2280.
38
Calculate the greatest common factor of 11 and 3443.
11
Calculate the greatest common factor of 23 and 161.
23
What is the greatest common factor of 16 and 3288?
8
What is the greatest common factor of 8 and 112?
8
Calculate the highest common divisor of 676 and 1859.
169
What is the highest common factor of 34 and 4658?
34
What is the greatest common factor of 129 and 5547?
129
Calculate the greatest common divisor of 1904 and 17408.
272
Calculate the highest common factor of 114 and 95.
19
Calculate the greatest common divisor of 58 and 203.
29
Calculate the greatest common factor of 40 and 160.
40
What is the highest common factor of 70 and 721?
7
Calculate the highest common factor of 124 and 31.
31
What is the highest common factor of 252 and 180?
36
What is the greatest common factor of 165 and 13035?
165
What is the highest common divisor of 6 and 156?
6
Calculate the greatest common factor of 9 and 549.
9
What is the greatest common factor of 42 and 8386?
14
Calculate the highest common factor of 23 and 104.
1
Calculate the greatest common divisor of 176 and 3600.
16
Calculate the highest common divisor of 39 and 13.
13
Calculate the highest common factor of 3168 and 99.
99
What is the greatest common divisor of 455 and 70?
35
What is the greatest common factor of 34 and 18649?
17
What is the highest common factor of 37 and 74?
37
Calculate the greatest common factor of 6 and 486.
6
What is the greatest common factor of 51 and 85?
17
What is the highest common factor of 4077 and 9?
9
What is the highest common factor of 240 and 90?
30
Calculate the greatest common factor of 10 and 730.
10
What is the greatest common divisor of 909 and 36?
9
What is the greatest common factor of 68 and 436?
4
Calculate the highest common factor of 9 and 99.
9
What is the highest common factor of 26220 and 276?
276
What is the highest common divisor of 1268 and 32?
4
What is the highest common divisor of 17875 and 975?
325
What is the highest common factor of 20 and 135?
5
What is the greatest common divisor of 57 and 95?
19
What is the highest common factor of 74 and 259?
37
What is the highest common factor of 39 and 845?
13
What is the highest common factor of 63 and 4494?
21
Calculate the highest common factor of 63 and 70.
7
What is the greatest common divisor of 39 and 3757?
13
What is the highest common factor of 231 and 1001?
77
What is the highest common divisor of 264 and 1364?
44
What is the greatest common divisor of 1 and 37?
1
What is the highest common factor of 208 and 12272?
208
Calculate the highest common divisor of 1924 and 104.
52
Calculate the highest common divisor of 102 and 234.
6
What is the highest common factor of 70 and 105?
35
What is the greatest common divisor of 5 and 600?
5
Calculate the greatest common factor of 68 and 306.
34
What is the greatest common divisor of 8406 and 126?
18
Calculate the greatest common factor of 14235 and 195.
195
What is the greatest common divisor of 1944 and 891?
81
Calculate the greatest common factor of 400 and 48.
16
What is the greatest common divisor of 18970 and 70?
70
What is the highest common factor of 693 and 2583?
63
Calculate the greatest common divisor of 27 and 729.
27
Calculate the highest common divisor of 224 and 56.
56
What is the greatest common factor of 480 and 88?
8
What is the highest common divisor of 8 and 50?
2
Calculate the greatest common divisor of 117 and 1035.
9
Calculate the highest common factor of 19 and 4997.
19
What is the highest common divisor of 17 and 289?
17
Calculate the highest common factor of 208 and 20.
4
Calculate the greatest common factor of 324 and 36.
36
What is the greatest common factor of 5 and 405?
5
What is the greatest common factor of 77 and 77?
77
Calculate the greatest common factor of 87 and 3.
3
What is the greatest common divisor of 140 and 70?
70
Calculate the greatest common factor of 111 and 9.
3
What is the greatest common factor of 120 and 1110?
30
Calculate the greatest common divisor of 1300 and 10.
10
What is the highest common divisor of 24 and 4056?
24
Calculate the greatest common divisor of 43 and 1333.
43
What is the greatest common factor of 9951 and 93?
93
Calculate the greatest common divisor of 304 and 16.
16
What is the greatest common divisor of 128 and 40?
8
Calculate the greatest common factor of 24 and 6064.
8
What is the greatest common factor of 5238 and 1026?
54
What is the greatest common divisor of 437 and 54625?
437
What is the highest common divisor of 56 and 4616?
8
Calculate the highest common factor of 41 and 45797.
41
What is the highest common divisor of 23489 and 83?
83
What is the highest common divisor of 45309 and 33?
33
What is the highest common divisor of 2043 and 45?
9
What is the highest common factor of 7 and 3584?
7
Calculate the highest common divisor of 33 and 21.
3
Calculate the highest common factor of 2123 and 77.
11
What is the highest common divisor of 10 and 45?
5
Calculate the greatest common factor of 5264 and 224.
112
Calculate the greatest common factor of 33 and 3443.
11
What is the highest common factor of 909 and 9?
9
Calculate the greatest common divisor of 768 and 144.
48
Calculate the gr